{"id":16904,"date":"2022-09-12T08:55:30","date_gmt":"2022-09-12T06:55:30","guid":{"rendered":"https:\/\/www.flassaders.org\/?post_type=mec-events&#038;p=16904"},"modified":"2025-03-14T14:39:50","modified_gmt":"2025-03-14T13:39:50","slug":"iniciacionmindfulness","status":"publish","type":"mec-events","link":"https:\/\/www.flassaders.org\/es\/eventos\/iniciacionmindfulness\/","title":{"rendered":"INICIACIACI\u00d3N AL MINDFULNESS"},"content":{"rendered":"<p><span style=\"font-family: Muli; font-size: 14pt;\"><span class=\"JsGRdQ\">TALLERES DE INSCRIPCI\u00d3N ANUAL &#8211; <\/span><span class=\"JsGRdQ\">Primera convocatoria: oto\u00f1o 2024<\/span><\/span><\/p>\n<p><span style=\"font-family: Muli; font-size: 14pt; font-weight: normal;\">Una pr\u00e1ctica para mejorar y desarrollar la atenci\u00f3n plena, reducir el malestar e incrementar la capacidad por lidiar con la complejidad de nuestro d\u00eda a d\u00eda. Consigue un estado profundo de conciencia. Para y observa.<\/span><br \/>\n<span style=\"font-family: Muli; font-size: 14pt; font-weight: normal;\"><strong>S\u00e1bados quincenales del 12 de abril al 28 de junio, de 10:00h a 12:00h<\/strong><\/span><\/p>\n<p class=\"p1\"><span style=\"font-family: Muli; font-size: 14pt; font-weight: normal;\"><strong>Precio:<\/strong><br \/>\n&#8211; Tarifa individual: 36\u20ac<br \/>\n&#8211; Tarifa reducida: 27\u20ac<br \/>\n<\/span><\/p>\n","protected":false},"excerpt":{"rendered":"<p>TALLERES DE INSCRIPCI\u00d3N ANUAL &#8211; Primera convocatoria: oto\u00f1o 2024 Una pr\u00e1ctica para mejorar y desarrollar la atenci\u00f3n plena, reducir el malestar e incrementar la capacidad por lidiar con la complejidad de nuestro d\u00eda a d\u00eda. Consigue un estado profundo de conciencia. Para y observa. S\u00e1bados quincenales del 12 de abril al 28 de junio, de [&hellip;]<\/p>\n","protected":false},"author":1,"featured_media":15991,"comment_status":"closed","ping_status":"closed","template":"","tags":[],"mec_category":[282],"class_list":["post-16904","mec-events","type-mec-events","status-publish","has-post-thumbnail","hentry","mec_category-espacio-salud-y-bienestar"],"_links":{"self":[{"href":"https:\/\/www.flassaders.org\/es\/wp-json\/wp\/v2\/mec-events\/16904","targetHints":{"allow":["GET"]}}],"collection":[{"href":"https:\/\/www.flassaders.org\/es\/wp-json\/wp\/v2\/mec-events"}],"about":[{"href":"https:\/\/www.flassaders.org\/es\/wp-json\/wp\/v2\/types\/mec-events"}],"author":[{"embeddable":true,"href":"https:\/\/www.flassaders.org\/es\/wp-json\/wp\/v2\/users\/1"}],"replies":[{"embeddable":true,"href":"https:\/\/www.flassaders.org\/es\/wp-json\/wp\/v2\/comments?post=16904"}],"wp:featuredmedia":[{"embeddable":true,"href":"https:\/\/www.flassaders.org\/es\/wp-json\/wp\/v2\/media\/15991"}],"wp:attachment":[{"href":"https:\/\/www.flassaders.org\/es\/wp-json\/wp\/v2\/media?parent=16904"}],"wp:term":[{"taxonomy":"post_tag","embeddable":true,"href":"https:\/\/www.flassaders.org\/es\/wp-json\/wp\/v2\/tags?post=16904"},{"taxonomy":"mec_category","embeddable":true,"href":"https:\/\/www.flassaders.org\/es\/wp-json\/wp\/v2\/mec_category?post=16904"}],"curies":[{"name":"wp","href":"https:\/\/api.w.org\/{rel}","templated":true}]}}

INICIACIACIÓN AL MINDFULNESS

<p><span style="font-family: Muli; font-size: 14pt;"><span class="JsGRdQ">TALLERES DE INSCRIPCIÓN ANUAL &#8211; </span><span class="JsGRdQ">Primera convocatoria: otoño 2024</span></span></p>
<p><span style="font-family: Muli; font-size: 14pt; font-weight: normal;">Una práctica para mejorar y desarrollar la atención plena, reducir el malestar e incrementar la capacidad por lidiar con la complejidad de nuestro día a día. Consigue un estado profundo de conciencia. Para y observa.</span><br />
<span style="font-family: Muli; font-size: 14pt; font-weight: normal;"><strong>Sábados quincenales del 12 de abril al 28 de junio, de 10:00h a 12:00h</strong></span></p>
<p class="p1"><span style="font-family: Muli; font-size: 14pt; font-weight: normal;"><strong>Precio:</strong><br />
&#8211; Tarifa individual: 36€<br />
&#8211; Tarifa reducida: 27€<br />
</span></p>

<p>TALLERES DE INSCRIPCIÓN ANUAL &#8211; Primera convocatoria: otoño 2024 Una práctica para mejorar y desarrollar la atención plena, reducir el malestar e incrementar la capacidad por lidiar con la complejidad de nuestro día a día. Consigue un estado profundo de conciencia. Para y observa. Sábados quincenales del 12 de abril al 28 de junio, de [&hellip;]</p>
