{"id":17783,"date":"2024-06-14T12:24:08","date_gmt":"2024-06-14T10:24:08","guid":{"rendered":"https:\/\/www.flassaders.org\/?post_type=mec-events&#038;p=17783"},"modified":"2024-06-14T13:04:36","modified_gmt":"2024-06-14T11:04:36","slug":"terrarios-verano","status":"publish","type":"mec-events","link":"https:\/\/www.flassaders.org\/es\/eventos\/terrarios-verano\/","title":{"rendered":"SOBREVIVIR AL VERANO: TALLER DE TERRARIOS CON SUCULENTAS"},"content":{"rendered":"<p class=\"p1\"><span style=\"font-family: Muli; font-size: 14pt; font-weight: normal;\">Taller de bot\u00e1nica para conocer las plantas suculentas a nuestro alcance y sus condiciones de mantenimiento. Esta propuesta est\u00e1 pensada para ser pr\u00e1ctica, sencilla y creativa, adaptable seg\u00fan las personas participantes. El tiempo compartido en relaci\u00f3n a las plantas propicia un espacio de interacci\u00f3n social respetuoso y de calidad.<br \/>\nEl taller tambi\u00e9n quiere sensibilizar sobre la falta de agua en nuestro territorio, el cuidado de nuestro entorno, as\u00ed como estrategias posibles para ser m\u00e1s sostenibles en nuestras casas.<br \/>\nDurante el taller cada participante generar\u00e1 un mini terrario, este material est\u00e1 incluido en el taller. Las personas que quieran desarrollar m\u00e1s terrarios o un formato m\u00e1s grande, deber\u00e1n hacerse cargo de los gastos y la b\u00fasqueda de material extra.<br \/>\n<\/span><\/p>\n<p class=\"p1\"><span style=\"font-family: Muli; font-size: 14pt; font-weight: normal;\"><strong>Martes y mi\u00e9rcoles, del 23 al 31 de julio, de 18:00 a 20:00h<\/strong><\/span><\/p>\n<p class=\"p1\"><span style=\"font-family: Muli; font-size: 14pt; font-weight: normal;\"><strong>Actividad gratuita<\/strong><\/span><\/p>\n","protected":false},"excerpt":{"rendered":"<p>Taller de bot\u00e1nica para conocer las plantas suculentas a nuestro alcance y sus condiciones de mantenimiento. Esta propuesta est\u00e1 pensada para ser pr\u00e1ctica, sencilla y creativa, adaptable seg\u00fan las personas participantes. El tiempo compartido en relaci\u00f3n a las plantas propicia un espacio de interacci\u00f3n social respetuoso y de calidad. El taller tambi\u00e9n quiere sensibilizar sobre [&hellip;]<\/p>\n","protected":false},"author":1,"featured_media":15999,"comment_status":"closed","ping_status":"closed","template":"","tags":[],"mec_category":[284],"class_list":["post-17783","mec-events","type-mec-events","status-publish","has-post-thumbnail","hentry","mec_category-espacio-visibles"],"_links":{"self":[{"href":"https:\/\/www.flassaders.org\/es\/wp-json\/wp\/v2\/mec-events\/17783","targetHints":{"allow":["GET"]}}],"collection":[{"href":"https:\/\/www.flassaders.org\/es\/wp-json\/wp\/v2\/mec-events"}],"about":[{"href":"https:\/\/www.flassaders.org\/es\/wp-json\/wp\/v2\/types\/mec-events"}],"author":[{"embeddable":true,"href":"https:\/\/www.flassaders.org\/es\/wp-json\/wp\/v2\/users\/1"}],"replies":[{"embeddable":true,"href":"https:\/\/www.flassaders.org\/es\/wp-json\/wp\/v2\/comments?post=17783"}],"wp:featuredmedia":[{"embeddable":true,"href":"https:\/\/www.flassaders.org\/es\/wp-json\/wp\/v2\/media\/15999"}],"wp:attachment":[{"href":"https:\/\/www.flassaders.org\/es\/wp-json\/wp\/v2\/media?parent=17783"}],"wp:term":[{"taxonomy":"post_tag","embeddable":true,"href":"https:\/\/www.flassaders.org\/es\/wp-json\/wp\/v2\/tags?post=17783"},{"taxonomy":"mec_category","embeddable":true,"href":"https:\/\/www.flassaders.org\/es\/wp-json\/wp\/v2\/mec_category?post=17783"}],"curies":[{"name":"wp","href":"https:\/\/api.w.org\/{rel}","templated":true}]}}

<p class="p1"><span style="font-family: Muli; font-size: 14pt; font-weight: normal;">Taller de botánica para conocer las plantas suculentas a nuestro alcance y sus condiciones de mantenimiento. Esta propuesta está pensada para ser práctica, sencilla y creativa, adaptable según las personas participantes. El tiempo compartido en relación a las plantas propicia un espacio de interacción social respetuoso y de calidad.<br />
El taller también quiere sensibilizar sobre la falta de agua en nuestro territorio, el cuidado de nuestro entorno, así como estrategias posibles para ser más sostenibles en nuestras casas.<br />
Durante el taller cada participante generará un mini terrario, este material está incluido en el taller. Las personas que quieran desarrollar más terrarios o un formato más grande, deberán hacerse cargo de los gastos y la búsqueda de material extra.<br />
</span></p>
<p class="p1"><span style="font-family: Muli; font-size: 14pt; font-weight: normal;"><strong>Martes y miércoles, del 23 al 31 de julio, de 18:00 a 20:00h</strong></span></p>
<p class="p1"><span style="font-family: Muli; font-size: 14pt; font-weight: normal;"><strong>Actividad gratuita</strong></span></p>

<p>Taller de botánica para conocer las plantas suculentas a nuestro alcance y sus condiciones de mantenimiento. Esta propuesta está pensada para ser práctica, sencilla y creativa, adaptable según las personas participantes. El tiempo compartido en relación a las plantas propicia un espacio de interacción social respetuoso y de calidad. El taller también quiere sensibilizar sobre [&hellip;]</p>
