{"id":17812,"date":"2024-06-14T12:24:19","date_gmt":"2024-06-14T10:24:19","guid":{"rendered":"https:\/\/www.flassaders.org\/?post_type=mec-events&#038;p=17812"},"modified":"2024-08-23T12:52:13","modified_gmt":"2024-08-23T10:52:13","slug":"muestra-cinelgtbi","status":"publish","type":"mec-events","link":"https:\/\/www.flassaders.org\/es\/eventos\/muestra-cinelgtbi\/","title":{"rendered":"MESA REDONDA INFANCIAS LGTBIQ+ \/ DENTRO DE LA MOSTRA OUT! 2024"},"content":{"rendered":"<p><span style=\"font-family: Muli; font-size: 14pt; font-weight: normal;\">Se trata de una actividad dentro de la programaci\u00f3n del OUT! 2024: Muestra de Cine LGTBIQ+ de las Islas Baleares. En esta ocasi\u00f3n proyectaremos un cortometraje como detonante para la posterior mesa redonda sobre vivencias j\u00f3venes e infancias LGTBIQ+, proponiendo un espacio de reflexi\u00f3n desde diferentes miradas y experiencias.<br \/>\n<\/span><\/p>\n<p><span style=\"font-family: Muli; font-size: 14pt; font-weight: normal;\">Proyecci\u00f3n del cortometraje \u2018Ay\u00dcn\u2019, seleccionado a la sesi\u00f3n de Out! in short.<br \/>\nAy\u00fcn est\u00e1 a la cama con su pareja, Sky, despu\u00e9s de una noche de fiesta. A trav\u00e9s de una conversaci\u00f3n Ay\u00fcn recuerda su ni\u00f1ez en un entorno rural y comunitario donde los roles de g\u00e9nero no estaban establecidos y, por lo tanto, los ni\u00f1os viv\u00edan sin tener que encajar. Ay\u00fcn es feliz en la comunidad, puesto que pueden expresarse libremente, sobre todo con Awkan, otro ni\u00f1o con quien mantiene una estrecha relaci\u00f3n.<\/span><\/p>\n<p class=\"p1\"><span style=\"font-family: Muli; font-size: 14pt; font-weight: normal;\"><strong>Mi\u00e9rcoles 18 de septiembre, de 18:00 a 20:00h<\/strong><\/span><\/p>\n<p class=\"p1\"><span style=\"font-family: Muli; font-size: 14pt; font-weight: normal;\"><strong>Actividad gratuita<\/strong><\/span><\/p>\n<p><a href=\"https:\/\/www.mostraout.es\/\"><img loading=\"lazy\" decoding=\"async\" class=\"alignnone wp-image-13216 size-medium\" src=\"https:\/\/www.flassaders.org\/wp-content\/uploads\/2023\/03\/out_logo-300x167.jpg\" alt=\"\" width=\"300\" height=\"167\" srcset=\"https:\/\/www.flassaders.org\/wp-content\/uploads\/2023\/03\/out_logo-300x167.jpg 300w, https:\/\/www.flassaders.org\/wp-content\/uploads\/2023\/03\/out_logo-450x251.jpg 450w, https:\/\/www.flassaders.org\/wp-content\/uploads\/2023\/03\/out_logo.jpg 540w\" sizes=\"auto, (max-width: 300px) 100vw, 300px\" \/><\/a><\/p>\n","protected":false},"excerpt":{"rendered":"<p>Se trata de una actividad dentro de la programaci\u00f3n del OUT! 2024: Muestra de Cine LGTBIQ+ de las Islas Baleares. En esta ocasi\u00f3n proyectaremos un cortometraje como detonante para la posterior mesa redonda sobre vivencias j\u00f3venes e infancias LGTBIQ+, proponiendo un espacio de reflexi\u00f3n desde diferentes miradas y experiencias. Proyecci\u00f3n del cortometraje \u2018Ay\u00dcn\u2019, seleccionado a [&hellip;]<\/p>\n","protected":false},"author":1,"featured_media":15999,"comment_status":"closed","ping_status":"closed","template":"","tags":[],"mec_category":[284],"class_list":["post-17812","mec-events","type-mec-events","status-publish","has-post-thumbnail","hentry","mec_category-espacio-visibles"],"_links":{"self":[{"href":"https:\/\/www.flassaders.org\/es\/wp-json\/wp\/v2\/mec-events\/17812","targetHints":{"allow":["GET"]}}],"collection":[{"href":"https:\/\/www.flassaders.org\/es\/wp-json\/wp\/v2\/mec-events"}],"about":[{"href":"https:\/\/www.flassaders.org\/es\/wp-json\/wp\/v2\/types\/mec-events"}],"author":[{"embeddable":true,"href":"https:\/\/www.flassaders.org\/es\/wp-json\/wp\/v2\/users\/1"}],"replies":[{"embeddable":true,"href":"https:\/\/www.flassaders.org\/es\/wp-json\/wp\/v2\/comments?post=17812"}],"wp:featuredmedia":[{"embeddable":true,"href":"https:\/\/www.flassaders.org\/es\/wp-json\/wp\/v2\/media\/15999"}],"wp:attachment":[{"href":"https:\/\/www.flassaders.org\/es\/wp-json\/wp\/v2\/media?parent=17812"}],"wp:term":[{"taxonomy":"post_tag","embeddable":true,"href":"https:\/\/www.flassaders.org\/es\/wp-json\/wp\/v2\/tags?post=17812"},{"taxonomy":"mec_category","embeddable":true,"href":"https:\/\/www.flassaders.org\/es\/wp-json\/wp\/v2\/mec_category?post=17812"}],"curies":[{"name":"wp","href":"https:\/\/api.w.org\/{rel}","templated":true}]}}

<p><span style="font-family: Muli; font-size: 14pt; font-weight: normal;">Se trata de una actividad dentro de la programación del OUT! 2024: Muestra de Cine LGTBIQ+ de las Islas Baleares. En esta ocasión proyectaremos un cortometraje como detonante para la posterior mesa redonda sobre vivencias jóvenes e infancias LGTBIQ+, proponiendo un espacio de reflexión desde diferentes miradas y experiencias.<br />
</span></p>
<p><span style="font-family: Muli; font-size: 14pt; font-weight: normal;">Proyección del cortometraje ‘AyÜn’, seleccionado a la sesión de Out! in short.<br />
Ayün está a la cama con su pareja, Sky, después de una noche de fiesta. A través de una conversación Ayün recuerda su niñez en un entorno rural y comunitario donde los roles de género no estaban establecidos y, por lo tanto, los niños vivían sin tener que encajar. Ayün es feliz en la comunidad, puesto que pueden expresarse libremente, sobre todo con Awkan, otro niño con quien mantiene una estrecha relación.</span></p>
<p class="p1"><span style="font-family: Muli; font-size: 14pt; font-weight: normal;"><strong>Miércoles 18 de septiembre, de 18:00 a 20:00h</strong></span></p>
<p class="p1"><span style="font-family: Muli; font-size: 14pt; font-weight: normal;"><strong>Actividad gratuita</strong></span></p>
<p><a href="https://www.mostraout.es/"><img loading="lazy" decoding="async" class="alignnone wp-image-13216 size-medium" src="https://www.flassaders.org/wp-content/uploads/2023/03/out_logo-300x167.jpg" alt="" width="300" height="167" srcset="https://www.flassaders.org/wp-content/uploads/2023/03/out_logo-300x167.jpg 300w, https://www.flassaders.org/wp-content/uploads/2023/03/out_logo-450x251.jpg 450w, https://www.flassaders.org/wp-content/uploads/2023/03/out_logo.jpg 540w" sizes="auto, (max-width: 300px) 100vw, 300px" /></a></p>

<p>Se trata de una actividad dentro de la programación del OUT! 2024: Muestra de Cine LGTBIQ+ de las Islas Baleares. En esta ocasión proyectaremos un cortometraje como detonante para la posterior mesa redonda sobre vivencias jóvenes e infancias LGTBIQ+, proponiendo un espacio de reflexión desde diferentes miradas y experiencias. Proyección del cortometraje ‘AyÜn’, seleccionado a [&hellip;]</p>
