{"id":18299,"date":"2023-02-01T13:07:28","date_gmt":"2023-02-01T12:07:28","guid":{"rendered":"https:\/\/www.flassaders.org\/?post_type=mec-events&#038;p=18299"},"modified":"2024-09-13T15:32:10","modified_gmt":"2024-09-13T13:32:10","slug":"mapas","status":"publish","type":"mec-events","link":"https:\/\/www.flassaders.org\/es\/eventos\/mapas\/","title":{"rendered":"MAPAS, IMAGINARIOS Y MIGRACIONES \/ DIA D 10D + 18D"},"content":{"rendered":"<p class=\"p1\"><span style=\"font-family: Muli; font-size: 14pt; font-weight: normal;\"><strong>&gt;&gt;&gt; L\u00ednea de Pensamientos Cr\u00edticos<\/strong><\/span><\/p>\n<p class=\"p1\"><span style=\"font-family: Muli; font-size: 14pt; font-weight: normal;\">Taller intensivo para trabajar, mediante la creaci\u00f3n pl\u00e1stica, el cruce entre los procesos migratorios y los derechos humanos, mediante im\u00e1genes y fotograf\u00edas en di\u00e1logo con otras artes (escritura, collage, pintura, etc). Se propone explorar colectivamente c\u00f3mo nos mostramos, c\u00f3mo nos leen y c\u00f3mo leemos a las otras, en relaci\u00f3n a la movilidad entre territorios, la procedencia, la pertenencia y el hecho identitario.<br \/>\nSe abrir\u00e1n preguntas m\u00e1s que buscar respuestas, para pensar sobre autobiograf\u00eda, identidad y cuerpo: \u00bfC\u00f3mo nos explicamos a lxs otrxs?, \u00bfC\u00f3mo nos vemos y c\u00f3mo nos ven?, \u00bfQu\u00e9 territorio habitamos?, \u00bfLo puedo encontrar en un mapa real?.<br \/>\nSe crear\u00e1 una intervenci\u00f3n art\u00edstica colectiva para mostrar las reflexiones y vivencias del grupo participante, utilizando el arte contempor\u00e1neo como catalizador social.<\/span><\/p>\n<p class=\"p1\"><strong><span style=\"font-family: Muli; font-size: 14pt;\">Jueves 5 y 12 de diciembre de 18:00 a 19:30h<\/span><\/strong><\/p>\n<p class=\"p1\"><span style=\"font-family: Muli; font-size: 14pt; font-weight: normal;\">*Actividad en el marco del D\u00eda de los Derechos Humanos (D10) y el D\u00eda de las Personas Migrantes (18D) para visibilizar la vulneraci\u00f3n de los derechos humanos de las personas en contextos migratorios.<\/span><\/p>\n<p><span style=\"font-family: Muli; font-size: 14pt; font-weight: normal;\"><strong>Activitat gratu\u00efta<\/strong><\/span><\/p>\n","protected":false},"excerpt":{"rendered":"<p>&gt;&gt;&gt; L\u00ednea de Pensamientos Cr\u00edticos Taller intensivo para trabajar, mediante la creaci\u00f3n pl\u00e1stica, el cruce entre los procesos migratorios y los derechos humanos, mediante im\u00e1genes y fotograf\u00edas en di\u00e1logo con otras artes (escritura, collage, pintura, etc). Se propone explorar colectivamente c\u00f3mo nos mostramos, c\u00f3mo nos leen y c\u00f3mo leemos a las otras, en relaci\u00f3n a [&hellip;]<\/p>\n","protected":false},"author":1,"featured_media":15999,"comment_status":"closed","ping_status":"closed","template":"","tags":[],"mec_category":[284],"class_list":["post-18299","mec-events","type-mec-events","status-publish","has-post-thumbnail","hentry","mec_category-espacio-visibles"],"_links":{"self":[{"href":"https:\/\/www.flassaders.org\/es\/wp-json\/wp\/v2\/mec-events\/18299","targetHints":{"allow":["GET"]}}],"collection":[{"href":"https:\/\/www.flassaders.org\/es\/wp-json\/wp\/v2\/mec-events"}],"about":[{"href":"https:\/\/www.flassaders.org\/es\/wp-json\/wp\/v2\/types\/mec-events"}],"author":[{"embeddable":true,"href":"https:\/\/www.flassaders.org\/es\/wp-json\/wp\/v2\/users\/1"}],"replies":[{"embeddable":true,"href":"https:\/\/www.flassaders.org\/es\/wp-json\/wp\/v2\/comments?post=18299"}],"wp:featuredmedia":[{"embeddable":true,"href":"https:\/\/www.flassaders.org\/es\/wp-json\/wp\/v2\/media\/15999"}],"wp:attachment":[{"href":"https:\/\/www.flassaders.org\/es\/wp-json\/wp\/v2\/media?parent=18299"}],"wp:term":[{"taxonomy":"post_tag","embeddable":true,"href":"https:\/\/www.flassaders.org\/es\/wp-json\/wp\/v2\/tags?post=18299"},{"taxonomy":"mec_category","embeddable":true,"href":"https:\/\/www.flassaders.org\/es\/wp-json\/wp\/v2\/mec_category?post=18299"}],"curies":[{"name":"wp","href":"https:\/\/api.w.org\/{rel}","templated":true}]}}

<p class="p1"><span style="font-family: Muli; font-size: 14pt; font-weight: normal;"><strong>&gt;&gt;&gt; Línea de Pensamientos Críticos</strong></span></p>
<p class="p1"><span style="font-family: Muli; font-size: 14pt; font-weight: normal;">Taller intensivo para trabajar, mediante la creación plástica, el cruce entre los procesos migratorios y los derechos humanos, mediante imágenes y fotografías en diálogo con otras artes (escritura, collage, pintura, etc). Se propone explorar colectivamente cómo nos mostramos, cómo nos leen y cómo leemos a las otras, en relación a la movilidad entre territorios, la procedencia, la pertenencia y el hecho identitario.<br />
Se abrirán preguntas más que buscar respuestas, para pensar sobre autobiografía, identidad y cuerpo: ¿Cómo nos explicamos a lxs otrxs?, ¿Cómo nos vemos y cómo nos ven?, ¿Qué territorio habitamos?, ¿Lo puedo encontrar en un mapa real?.<br />
Se creará una intervención artística colectiva para mostrar las reflexiones y vivencias del grupo participante, utilizando el arte contemporáneo como catalizador social.</span></p>
<p class="p1"><strong><span style="font-family: Muli; font-size: 14pt;">Jueves 5 y 12 de diciembre de 18:00 a 19:30h</span></strong></p>
<p class="p1"><span style="font-family: Muli; font-size: 14pt; font-weight: normal;">*Actividad en el marco del Día de los Derechos Humanos (D10) y el Día de las Personas Migrantes (18D) para visibilizar la vulneración de los derechos humanos de las personas en contextos migratorios.</span></p>
<p><span style="font-family: Muli; font-size: 14pt; font-weight: normal;"><strong>Activitat gratuïta</strong></span></p>

<p>&gt;&gt;&gt; Línea de Pensamientos Críticos Taller intensivo para trabajar, mediante la creación plástica, el cruce entre los procesos migratorios y los derechos humanos, mediante imágenes y fotografías en diálogo con otras artes (escritura, collage, pintura, etc). Se propone explorar colectivamente cómo nos mostramos, cómo nos leen y cómo leemos a las otras, en relación a [&hellip;]</p>
