{"id":19081,"date":"2025-03-14T14:26:34","date_gmt":"2025-03-14T13:26:34","guid":{"rendered":"https:\/\/www.flassaders.org\/?post_type=mec-events&#038;p=19081"},"modified":"2025-03-31T14:09:27","modified_gmt":"2025-03-31T12:09:27","slug":"encuentro_trans_primavera","status":"publish","type":"mec-events","link":"https:\/\/www.flassaders.org\/es\/eventos\/encuentro_trans_primavera\/","title":{"rendered":"ESPACIO DE ENCUENTRO TRANS*"},"content":{"rendered":"<p><span style=\"font-family: Muli; font-size: 14pt; font-weight: normal;\">Espacio de conversaci\u00f3n para personas Trans*, y sus alianzas, para compartir informaci\u00f3n, experiencias, materiales culturales y datos de inter\u00e9s dentro de sus necesidades espec\u00edficas y deseos. Se trata de un encuentro quincenal, que quiere propiciar un espacio seguro para explorar necesidades individuales y estrategias colectivas desde y para las personas participantes.<\/span><\/p>\n<p><span style=\"font-family: Muli; font-size: 14pt; font-weight: normal;\">Durante las primeras sesiones, el tallerista propondr\u00e1 din\u00e1micas de acercamiento entre lxs participantes para generar un espacio de colectividad a pesar de lo heterog\u00e9neo del grupo. Por otro lado, se dispondr\u00e1 de materiales visuales y textuales (fotograf\u00edas, citas, fragmentos de v\u00eddeo) para generar hilos de debate y ejes tem\u00e1ticos para las siguientes sesiones. A partir de estos primeros encuentros de contacto, se ir\u00e1n recogiendo las propuestas tem\u00e1ticas e inquietudes para que sea el propio grupo qui\u00e9n proponga o elija las l\u00edneas de conversaci\u00f3n para las siguientes sesiones.<\/span><\/p>\n<p><span style=\"font-family: Muli; font-size: 14pt; font-weight: normal;\"><strong>Jueves quincenales, del 10 de abril al 19 de junio, de 18:30h a 20:00h<br \/>\n(Fechas: 10\/04 + 24\/04 + 08\/05 + 15\/05 + 05\/06 + 19\/06)<\/strong><\/span><\/p>\n<p><span style=\"font-family: Muli; font-size: 14pt; font-weight: normal;\"><strong>Actividad gratuita<\/strong><\/span><\/p>\n","protected":false},"excerpt":{"rendered":"<p>Espacio de conversaci\u00f3n para personas Trans*, y sus alianzas, para compartir informaci\u00f3n, experiencias, materiales culturales y datos de inter\u00e9s dentro de sus necesidades espec\u00edficas y deseos. Se trata de un encuentro quincenal, que quiere propiciar un espacio seguro para explorar necesidades individuales y estrategias colectivas desde y para las personas participantes. Durante las primeras sesiones, [&hellip;]<\/p>\n","protected":false},"author":1,"featured_media":16001,"comment_status":"closed","ping_status":"closed","template":"","tags":[],"mec_category":[284],"class_list":["post-19081","mec-events","type-mec-events","status-publish","has-post-thumbnail","hentry","mec_category-espacio-visibles"],"_links":{"self":[{"href":"https:\/\/www.flassaders.org\/es\/wp-json\/wp\/v2\/mec-events\/19081","targetHints":{"allow":["GET"]}}],"collection":[{"href":"https:\/\/www.flassaders.org\/es\/wp-json\/wp\/v2\/mec-events"}],"about":[{"href":"https:\/\/www.flassaders.org\/es\/wp-json\/wp\/v2\/types\/mec-events"}],"author":[{"embeddable":true,"href":"https:\/\/www.flassaders.org\/es\/wp-json\/wp\/v2\/users\/1"}],"replies":[{"embeddable":true,"href":"https:\/\/www.flassaders.org\/es\/wp-json\/wp\/v2\/comments?post=19081"}],"wp:featuredmedia":[{"embeddable":true,"href":"https:\/\/www.flassaders.org\/es\/wp-json\/wp\/v2\/media\/16001"}],"wp:attachment":[{"href":"https:\/\/www.flassaders.org\/es\/wp-json\/wp\/v2\/media?parent=19081"}],"wp:term":[{"taxonomy":"post_tag","embeddable":true,"href":"https:\/\/www.flassaders.org\/es\/wp-json\/wp\/v2\/tags?post=19081"},{"taxonomy":"mec_category","embeddable":true,"href":"https:\/\/www.flassaders.org\/es\/wp-json\/wp\/v2\/mec_category?post=19081"}],"curies":[{"name":"wp","href":"https:\/\/api.w.org\/{rel}","templated":true}]}}

<p><span style="font-family: Muli; font-size: 14pt; font-weight: normal;">Espacio de conversación para personas Trans*, y sus alianzas, para compartir información, experiencias, materiales culturales y datos de interés dentro de sus necesidades específicas y deseos. Se trata de un encuentro quincenal, que quiere propiciar un espacio seguro para explorar necesidades individuales y estrategias colectivas desde y para las personas participantes.</span></p>
<p><span style="font-family: Muli; font-size: 14pt; font-weight: normal;">Durante las primeras sesiones, el tallerista propondrá dinámicas de acercamiento entre lxs participantes para generar un espacio de colectividad a pesar de lo heterogéneo del grupo. Por otro lado, se dispondrá de materiales visuales y textuales (fotografías, citas, fragmentos de vídeo) para generar hilos de debate y ejes temáticos para las siguientes sesiones. A partir de estos primeros encuentros de contacto, se irán recogiendo las propuestas temáticas e inquietudes para que sea el propio grupo quién proponga o elija las líneas de conversación para las siguientes sesiones.</span></p>
<p><span style="font-family: Muli; font-size: 14pt; font-weight: normal;"><strong>Jueves quincenales, del 10 de abril al 19 de junio, de 18:30h a 20:00h<br />
(Fechas: 10/04 + 24/04 + 08/05 + 15/05 + 05/06 + 19/06)</strong></span></p>
<p><span style="font-family: Muli; font-size: 14pt; font-weight: normal;"><strong>Actividad gratuita</strong></span></p>

<p>Espacio de conversación para personas Trans*, y sus alianzas, para compartir información, experiencias, materiales culturales y datos de interés dentro de sus necesidades específicas y deseos. Se trata de un encuentro quincenal, que quiere propiciar un espacio seguro para explorar necesidades individuales y estrategias colectivas desde y para las personas participantes. Durante las primeras sesiones, [&hellip;]</p>
