{"id":19091,"date":"2025-03-14T14:25:47","date_gmt":"2025-03-14T13:25:47","guid":{"rendered":"https:\/\/www.flassaders.org\/?post_type=mec-events&#038;p=19091"},"modified":"2025-03-14T14:25:47","modified_gmt":"2025-03-14T13:25:47","slug":"taller_vida_ropa_primavera","status":"publish","type":"mec-events","link":"https:\/\/www.flassaders.org\/es\/eventos\/taller_vida_ropa_primavera\/","title":{"rendered":"TALLER: EL CICLO DE LA VIDA DE LA ROPA"},"content":{"rendered":"<p><span style=\"font-family: Muli; font-size: 14pt; font-weight: normal;\">Taller pr\u00e1ctico sobre la reducci\u00f3n y reutilizaci\u00f3n como forma de optimizaci\u00f3n de recursos frente al hiperconsumismo.<br \/>\nConoceremos el ciclo de producci\u00f3n y consumo de la industria textil en la actualidad, as\u00ed como alternativas posibles para paliar los efectos nocivos de este proceso acelerado, a partir de ejemplos concretos. Tambi\u00e9n indagaremos sobre sobre la metodolog\u00eda y objetivos de la <a href=\"https:\/\/www.deixalles.org\/es\/inicio\/\" target=\"_blank\" rel=\"noopener\">Fundaci\u00f3 Deixalles<\/a>.<\/span><\/p>\n<p><span style=\"font-family: Muli; font-size: 14pt; font-weight: normal;\">Para acabar, y poner en pr\u00e1ctica lo hablado, aprenderemos a elaborar una bolsa de tela a partir de una camiseta en desuso. El material necesario para el taller est\u00e1 incluido en la actividad.<\/span><\/p>\n<p><em>*Actividad con motivo del D\u00eda mundial del Medioambiente &gt; #5J<\/em><\/p>\n<p><span style=\"font-family: Muli; font-size: 14pt; font-weight: normal;\"><strong>Jueves, 12 de junio, de 17:30h a 18:30h<\/strong><\/span><\/p>\n<p><span style=\"font-family: Muli; font-size: 14pt; font-weight: normal;\"><strong>Actividad gratuita<\/strong><\/span><\/p>\n<p><a href=\"https:\/\/www.deixalles.org\/es\/inicio\/\" target=\"_blank\" rel=\"noopener\"><img loading=\"lazy\" decoding=\"async\" class=\"alignnone wp-image-16142\" src=\"https:\/\/www.flassaders.org\/wp-content\/uploads\/2023\/06\/descarga.png\" alt=\"\" width=\"135\" height=\"95\" \/><\/a><\/p>\n","protected":false},"excerpt":{"rendered":"<p>Taller pr\u00e1ctico sobre la reducci\u00f3n y reutilizaci\u00f3n como forma de optimizaci\u00f3n de recursos frente al hiperconsumismo. Conoceremos el ciclo de producci\u00f3n y consumo de la industria textil en la actualidad, as\u00ed como alternativas posibles para paliar los efectos nocivos de este proceso acelerado, a partir de ejemplos concretos. Tambi\u00e9n indagaremos sobre sobre la metodolog\u00eda y [&hellip;]<\/p>\n","protected":false},"author":1,"featured_media":16001,"comment_status":"closed","ping_status":"closed","template":"","tags":[],"mec_category":[284],"class_list":["post-19091","mec-events","type-mec-events","status-publish","has-post-thumbnail","hentry","mec_category-espacio-visibles"],"_links":{"self":[{"href":"https:\/\/www.flassaders.org\/es\/wp-json\/wp\/v2\/mec-events\/19091","targetHints":{"allow":["GET"]}}],"collection":[{"href":"https:\/\/www.flassaders.org\/es\/wp-json\/wp\/v2\/mec-events"}],"about":[{"href":"https:\/\/www.flassaders.org\/es\/wp-json\/wp\/v2\/types\/mec-events"}],"author":[{"embeddable":true,"href":"https:\/\/www.flassaders.org\/es\/wp-json\/wp\/v2\/users\/1"}],"replies":[{"embeddable":true,"href":"https:\/\/www.flassaders.org\/es\/wp-json\/wp\/v2\/comments?post=19091"}],"wp:featuredmedia":[{"embeddable":true,"href":"https:\/\/www.flassaders.org\/es\/wp-json\/wp\/v2\/media\/16001"}],"wp:attachment":[{"href":"https:\/\/www.flassaders.org\/es\/wp-json\/wp\/v2\/media?parent=19091"}],"wp:term":[{"taxonomy":"post_tag","embeddable":true,"href":"https:\/\/www.flassaders.org\/es\/wp-json\/wp\/v2\/tags?post=19091"},{"taxonomy":"mec_category","embeddable":true,"href":"https:\/\/www.flassaders.org\/es\/wp-json\/wp\/v2\/mec_category?post=19091"}],"curies":[{"name":"wp","href":"https:\/\/api.w.org\/{rel}","templated":true}]}}

<p><span style="font-family: Muli; font-size: 14pt; font-weight: normal;">Taller práctico sobre la reducción y reutilización como forma de optimización de recursos frente al hiperconsumismo.<br />
Conoceremos el ciclo de producción y consumo de la industria textil en la actualidad, así como alternativas posibles para paliar los efectos nocivos de este proceso acelerado, a partir de ejemplos concretos. También indagaremos sobre sobre la metodología y objetivos de la <a href="https://www.deixalles.org/es/inicio/" target="_blank" rel="noopener">Fundació Deixalles</a>.</span></p>
<p><span style="font-family: Muli; font-size: 14pt; font-weight: normal;">Para acabar, y poner en práctica lo hablado, aprenderemos a elaborar una bolsa de tela a partir de una camiseta en desuso. El material necesario para el taller está incluido en la actividad.</span></p>
<p><em>*Actividad con motivo del Día mundial del Medioambiente &gt; #5J</em></p>
<p><span style="font-family: Muli; font-size: 14pt; font-weight: normal;"><strong>Jueves, 12 de junio, de 17:30h a 18:30h</strong></span></p>
<p><span style="font-family: Muli; font-size: 14pt; font-weight: normal;"><strong>Actividad gratuita</strong></span></p>
<p><a href="https://www.deixalles.org/es/inicio/" target="_blank" rel="noopener"><img loading="lazy" decoding="async" class="alignnone wp-image-16142" src="https://www.flassaders.org/wp-content/uploads/2023/06/descarga.png" alt="" width="135" height="95" /></a></p>

<p>Taller práctico sobre la reducción y reutilización como forma de optimización de recursos frente al hiperconsumismo. Conoceremos el ciclo de producción y consumo de la industria textil en la actualidad, así como alternativas posibles para paliar los efectos nocivos de este proceso acelerado, a partir de ejemplos concretos. También indagaremos sobre sobre la metodología y [&hellip;]</p>
