{"id":19094,"date":"2025-03-14T14:25:33","date_gmt":"2025-03-14T13:25:33","guid":{"rendered":"https:\/\/www.flassaders.org\/?post_type=mec-events&#038;p=19094"},"modified":"2025-06-17T19:57:30","modified_gmt":"2025-06-17T17:57:30","slug":"personas_refugiadas_primavera","status":"publish","type":"mec-events","link":"https:\/\/www.flassaders.org\/es\/eventos\/personas_refugiadas_primavera\/","title":{"rendered":"DIA MUNDIAL DE LAS PERSONAS REFUGIADAS: EL DERECHO AL ASILO EN PELIGRO"},"content":{"rendered":"<p><span style=\"font-family: Muli; font-size: 14pt; font-weight: normal;\">Sesi\u00f3n para la visibilizaci\u00f3n de la actual situaci\u00f3n de las personas demandantes del derecho a asilo y personas en tr\u00e1nsito como refugiadas, en el territorio espa\u00f1ol y m\u00e1s concretamente en la zona mediterr\u00e1nea. Se presentar\u00e1 el contexto actual sobre los derechos y la vulneraci\u00f3n de estos, con el no cumplimiento de los tratados internacionales.<\/span><\/p>\n<p><span style=\"font-family: Muli; font-size: 14pt; font-weight: normal;\">Se mostrar\u00e1 el trabajo actual desarrollado por CEAR y que podemos hacer c\u00f3mo ciudadanas.<\/span><\/p>\n<p><em>*Actividad gracias a la colaboraci\u00f3n de <a href=\"https:\/\/www.cear.es\/?_gl=1%2Al09kgx%2A_up%2AMQ..%2A_ga%2AMjk2Nzk0OTE2LjE3NDE2NDIxMDU.%2A_ga_TBCN09Z476%2AMTc0MTY0MjEwNS4xLjAuMTc0MTY0MjEwNS4wLjAuMA..\" target=\"_blank\" rel=\"noopener\">CEAR Catalunya.<\/a> Con motivo del D\u00eda mundial de las personas refugiadas &gt; #20J<\/em><\/p>\n<p><span style=\"font-family: Muli; font-size: 14pt; font-weight: normal;\"><strong>Mi\u00e9rcoles, 18 de junio, de 18:00h a 20:00h<\/strong><\/span><\/p>\n<p><span style=\"font-family: Muli; font-size: 14pt; font-weight: normal;\"><strong>Actividad gratuita (online)<\/strong><\/span><\/p>\n<p><img loading=\"lazy\" decoding=\"async\" class=\"alignnone wp-image-19107\" src=\"https:\/\/www.flassaders.org\/wp-content\/uploads\/2025\/03\/CEAR.png\" alt=\"\" width=\"198\" height=\"122\" \/><\/p>\n","protected":false},"excerpt":{"rendered":"<p>Sesi\u00f3n para la visibilizaci\u00f3n de la actual situaci\u00f3n de las personas demandantes del derecho a asilo y personas en tr\u00e1nsito como refugiadas, en el territorio espa\u00f1ol y m\u00e1s concretamente en la zona mediterr\u00e1nea. Se presentar\u00e1 el contexto actual sobre los derechos y la vulneraci\u00f3n de estos, con el no cumplimiento de los tratados internacionales. Se [&hellip;]<\/p>\n","protected":false},"author":1,"featured_media":16001,"comment_status":"closed","ping_status":"closed","template":"","tags":[],"mec_category":[284],"class_list":["post-19094","mec-events","type-mec-events","status-publish","has-post-thumbnail","hentry","mec_category-espacio-visibles"],"_links":{"self":[{"href":"https:\/\/www.flassaders.org\/es\/wp-json\/wp\/v2\/mec-events\/19094","targetHints":{"allow":["GET"]}}],"collection":[{"href":"https:\/\/www.flassaders.org\/es\/wp-json\/wp\/v2\/mec-events"}],"about":[{"href":"https:\/\/www.flassaders.org\/es\/wp-json\/wp\/v2\/types\/mec-events"}],"author":[{"embeddable":true,"href":"https:\/\/www.flassaders.org\/es\/wp-json\/wp\/v2\/users\/1"}],"replies":[{"embeddable":true,"href":"https:\/\/www.flassaders.org\/es\/wp-json\/wp\/v2\/comments?post=19094"}],"wp:featuredmedia":[{"embeddable":true,"href":"https:\/\/www.flassaders.org\/es\/wp-json\/wp\/v2\/media\/16001"}],"wp:attachment":[{"href":"https:\/\/www.flassaders.org\/es\/wp-json\/wp\/v2\/media?parent=19094"}],"wp:term":[{"taxonomy":"post_tag","embeddable":true,"href":"https:\/\/www.flassaders.org\/es\/wp-json\/wp\/v2\/tags?post=19094"},{"taxonomy":"mec_category","embeddable":true,"href":"https:\/\/www.flassaders.org\/es\/wp-json\/wp\/v2\/mec_category?post=19094"}],"curies":[{"name":"wp","href":"https:\/\/api.w.org\/{rel}","templated":true}]}}

<p><span style="font-family: Muli; font-size: 14pt; font-weight: normal;">Sesión para la visibilización de la actual situación de las personas demandantes del derecho a asilo y personas en tránsito como refugiadas, en el territorio español y más concretamente en la zona mediterránea. Se presentará el contexto actual sobre los derechos y la vulneración de estos, con el no cumplimiento de los tratados internacionales.</span></p>
<p><span style="font-family: Muli; font-size: 14pt; font-weight: normal;">Se mostrará el trabajo actual desarrollado por CEAR y que podemos hacer cómo ciudadanas.</span></p>
<p><em>*Actividad gracias a la colaboración de <a href="https://www.cear.es/?_gl=1%2Al09kgx%2A_up%2AMQ..%2A_ga%2AMjk2Nzk0OTE2LjE3NDE2NDIxMDU.%2A_ga_TBCN09Z476%2AMTc0MTY0MjEwNS4xLjAuMTc0MTY0MjEwNS4wLjAuMA.." target="_blank" rel="noopener">CEAR Catalunya.</a> Con motivo del Día mundial de las personas refugiadas &gt; #20J</em></p>
<p><span style="font-family: Muli; font-size: 14pt; font-weight: normal;"><strong>Miércoles, 18 de junio, de 18:00h a 20:00h</strong></span></p>
<p><span style="font-family: Muli; font-size: 14pt; font-weight: normal;"><strong>Actividad gratuita (online)</strong></span></p>
<p><img loading="lazy" decoding="async" class="alignnone wp-image-19107" src="https://www.flassaders.org/wp-content/uploads/2025/03/CEAR.png" alt="" width="198" height="122" /></p>

<p>Sesión para la visibilización de la actual situación de las personas demandantes del derecho a asilo y personas en tránsito como refugiadas, en el territorio español y más concretamente en la zona mediterránea. Se presentará el contexto actual sobre los derechos y la vulneración de estos, con el no cumplimiento de los tratados internacionales. Se [&hellip;]</p>
