{"id":19096,"date":"2025-03-14T14:30:20","date_gmt":"2025-03-14T13:30:20","guid":{"rendered":"https:\/\/www.flassaders.org\/?post_type=mec-events&#038;p=19096"},"modified":"2025-05-13T13:09:17","modified_gmt":"2025-05-13T11:09:17","slug":"ciclo_biografias_pendientes_primavera","status":"publish","type":"mec-events","link":"https:\/\/www.flassaders.org\/es\/eventos\/ciclo_biografias_pendientes_primavera\/","title":{"rendered":"CICLO BIOGRAF\u00cdAS PENDIENTES\/BIOGRAF\u00cdAS DISIDENTES"},"content":{"rendered":"<p class=\"p1\"><span style=\"font-family: Muli; font-size: 14pt; font-weight: normal;\"><strong>&gt;&gt;&gt; L\u00ednea de Pensamientos Cr\u00edticos y LGTBIQ+<\/strong><\/span><\/p>\n<p class=\"p1\"><span style=\"font-family: Muli; font-size: 14pt; font-weight: normal;\">Ciclo de actividades para dar visibilidad a las vivencias y creaciones de personas LGTBIQ+, as\u00ed c\u00f3mo sensibilizar a la ciudadan\u00eda a cerca de las discriminaciones y problem\u00e1ticas espec\u00edficas que afectan al colectivo.\u00a0<\/span><span style=\"font-family: Muli; font-size: 14pt; font-weight: normal;\">Entendemos la necesidad de visibilizar los d\u00edas conmemorativos como fechas importantes, pero queremos que sirvan c\u00f3mo marco y no como cuota de acci\u00f3n. Tambi\u00e9n descentralizar el 28J (D\u00eda del Orgullo LGTBIQ+ y extender las reivindicaciones durante varios meses, incluyendo y triangulando con el 26 Abril (D\u00eda de las Visibilidades L\u00e9sbicas) y el 17 Mayo (D\u00eda contra la LGTBIf\u00f2bia).<br \/>\n<\/span><\/p>\n<p class=\"p1\"><span style=\"font-family: Muli; font-size: 14pt; font-weight: normal;\"><em>*Pod\u00e9is inscribiros a una, dos o todas las actividades, de forma independiente.<\/em><\/span><\/p>\n<p><span style=\"font-family: Muli; font-size: 14pt; font-weight: normal;\"><strong>Actividades:<\/strong><\/span><\/p>\n<p><strong style=\"font-family: Muli; font-size: 14pt;\"><span style=\"font-family: Muli; font-size: 14pt; font-weight: normal;\"><strong>&gt; <\/strong><\/span>Conferencia: \u00ab<em>Mi amor es m\u00e1s que amor\u00bb. La poes\u00eda queer de Gloria Fuertes<\/em><\/strong><span style=\"font-family: Muli; font-size: 14pt;\"><em>.<\/em> Dia D: 23A i 26A.<\/span><\/p>\n<p class=\"p1\"><span style=\"font-family: Muli; font-size: 14pt; font-weight: normal;\">Viernes \/ 25 de abril \/ 18.00h a 19.30h<\/span><\/p>\n<p class=\"p1\"><strong style=\"font-family: Muli; font-size: 14pt;\"><span style=\"font-family: Muli; font-size: 14pt; font-weight: normal;\"><strong>&gt; <\/strong><\/span>Taller de creaci\u00f3n art\u00edstica: <em>Relatos propios y ajenos.<\/em><\/strong><span style=\"font-family: Muli; font-size: 14pt;\">\u00a0D\u00eda D: 17M.<\/span><\/p>\n<p><span style=\"font-family: Muli; font-size: 14pt; font-weight: normal;\">Martes \/ del 13 de mayo al 17 de junio \/ 18.00h a 19.30h<\/span><\/p>\n<p><strong style=\"font-family: Muli; font-size: 14pt;\"><span style=\"font-family: Muli; font-size: 14pt; font-weight: normal;\"><strong>&gt; <\/strong><\/span>Charla \u2018recursos contra el LGTBIf\u00f2bia\u2019 (ARME).<\/strong><\/p>\n<p><span style=\"font-family: Muli; font-size: 14pt; font-weight: normal;\">Herramientas para evitar la discriminaci\u00f3n y gestionar situaciones LGBTIQ+f\u00f3bicas, con recursos para la concienciaci\u00f3n y el apoyo. En conmemoraci\u00f3n en el D\u00eda D: 17 mayo. <\/span><\/p>\n<p><span style=\"font-family: Muli; font-size: 14pt; font-weight: normal;\">Viernes \/ 23 de mayo \/ 18.30h a 20.00h<\/span><\/p>\n<p><strong style=\"font-family: Muli; font-size: 14pt;\"><span style=\"font-family: Muli; font-size: 14pt; font-weight: normal;\"><strong>&gt; <\/strong><\/span>Exposici\u00f3n resultados del taller de <em>Relatos propios y ajenos. <\/em><\/strong><span style=\"font-family: Muli; font-size: 14pt;\">Dia D: 28J.<\/span><span style=\"font-family: Muli; font-size: 14pt;\"> No es necesaria inscripci\u00f3n.<\/span><\/p>\n<p><span style=\"font-family: Muli; font-size: 14pt; font-weight: normal;\">Lunes a s\u00e1bado \/ horario habitual del Centro \/ 17 al 30 junio\u00a0<\/span><\/p>\n<p>&nbsp;<\/p>\n<p class=\"p1\"><strong style=\"font-family: Muli; font-size: 14pt;\">Actividad gratuita<\/strong><\/p>\n","protected":false},"excerpt":{"rendered":"<p>&gt;&gt;&gt; L\u00ednea de Pensamientos Cr\u00edticos y LGTBIQ+ Ciclo de actividades para dar visibilidad a las vivencias y creaciones de personas LGTBIQ+, as\u00ed c\u00f3mo sensibilizar a la ciudadan\u00eda a cerca de las discriminaciones y problem\u00e1ticas espec\u00edficas que afectan al colectivo.\u00a0Entendemos la necesidad de visibilizar los d\u00edas conmemorativos como fechas importantes, pero queremos que sirvan c\u00f3mo marco [&hellip;]<\/p>\n","protected":false},"author":1,"featured_media":15999,"comment_status":"closed","ping_status":"closed","template":"","tags":[],"mec_category":[279],"class_list":["post-19096","mec-events","type-mec-events","status-publish","has-post-thumbnail","hentry","mec_category-espacio-justicia-social"],"_links":{"self":[{"href":"https:\/\/www.flassaders.org\/es\/wp-json\/wp\/v2\/mec-events\/19096","targetHints":{"allow":["GET"]}}],"collection":[{"href":"https:\/\/www.flassaders.org\/es\/wp-json\/wp\/v2\/mec-events"}],"about":[{"href":"https:\/\/www.flassaders.org\/es\/wp-json\/wp\/v2\/types\/mec-events"}],"author":[{"embeddable":true,"href":"https:\/\/www.flassaders.org\/es\/wp-json\/wp\/v2\/users\/1"}],"replies":[{"embeddable":true,"href":"https:\/\/www.flassaders.org\/es\/wp-json\/wp\/v2\/comments?post=19096"}],"wp:featuredmedia":[{"embeddable":true,"href":"https:\/\/www.flassaders.org\/es\/wp-json\/wp\/v2\/media\/15999"}],"wp:attachment":[{"href":"https:\/\/www.flassaders.org\/es\/wp-json\/wp\/v2\/media?parent=19096"}],"wp:term":[{"taxonomy":"post_tag","embeddable":true,"href":"https:\/\/www.flassaders.org\/es\/wp-json\/wp\/v2\/tags?post=19096"},{"taxonomy":"mec_category","embeddable":true,"href":"https:\/\/www.flassaders.org\/es\/wp-json\/wp\/v2\/mec_category?post=19096"}],"curies":[{"name":"wp","href":"https:\/\/api.w.org\/{rel}","templated":true}]}}

CICLO BIOGRAFÍAS PENDIENTES/BIOGRAFÍAS DISIDENTES

<p class="p1"><span style="font-family: Muli; font-size: 14pt; font-weight: normal;"><strong>&gt;&gt;&gt; Línea de Pensamientos Críticos y LGTBIQ+</strong></span></p>
<p class="p1"><span style="font-family: Muli; font-size: 14pt; font-weight: normal;">Ciclo de actividades para dar visibilidad a las vivencias y creaciones de personas LGTBIQ+, así cómo sensibilizar a la ciudadanía a cerca de las discriminaciones y problemáticas específicas que afectan al colectivo. </span><span style="font-family: Muli; font-size: 14pt; font-weight: normal;">Entendemos la necesidad de visibilizar los días conmemorativos como fechas importantes, pero queremos que sirvan cómo marco y no como cuota de acción. También descentralizar el 28J (Día del Orgullo LGTBIQ+ y extender las reivindicaciones durante varios meses, incluyendo y triangulando con el 26 Abril (Día de las Visibilidades Lésbicas) y el 17 Mayo (Día contra la LGTBIfòbia).<br />
</span></p>
<p class="p1"><span style="font-family: Muli; font-size: 14pt; font-weight: normal;"><em>*Podéis inscribiros a una, dos o todas las actividades, de forma independiente.</em></span></p>
<p><span style="font-family: Muli; font-size: 14pt; font-weight: normal;"><strong>Actividades:</strong></span></p>
<p><strong style="font-family: Muli; font-size: 14pt;"><span style="font-family: Muli; font-size: 14pt; font-weight: normal;"><strong>&gt; </strong></span>Conferencia: «<em>Mi amor es más que amor». La poesía queer de Gloria Fuertes</em></strong><span style="font-family: Muli; font-size: 14pt;"><em>.</em> Dia D: 23A i 26A.</span></p>
<p class="p1"><span style="font-family: Muli; font-size: 14pt; font-weight: normal;">Viernes / 25 de abril / 18.00h a 19.30h</span></p>
<p class="p1"><strong style="font-family: Muli; font-size: 14pt;"><span style="font-family: Muli; font-size: 14pt; font-weight: normal;"><strong>&gt; </strong></span>Taller de creación artística: <em>Relatos propios y ajenos.</em></strong><span style="font-family: Muli; font-size: 14pt;"> Día D: 17M.</span></p>
<p><span style="font-family: Muli; font-size: 14pt; font-weight: normal;">Martes / del 13 de mayo al 17 de junio / 18.00h a 19.30h</span></p>
<p><strong style="font-family: Muli; font-size: 14pt;"><span style="font-family: Muli; font-size: 14pt; font-weight: normal;"><strong>&gt; </strong></span>Charla ‘recursos contra el LGTBIfòbia’ (ARME).</strong></p>
<p><span style="font-family: Muli; font-size: 14pt; font-weight: normal;">Herramientas para evitar la discriminación y gestionar situaciones LGBTIQ+fóbicas, con recursos para la concienciación y el apoyo. En conmemoración en el Día D: 17 mayo. </span></p>
<p><span style="font-family: Muli; font-size: 14pt; font-weight: normal;">Viernes / 23 de mayo / 18.30h a 20.00h</span></p>
<p><strong style="font-family: Muli; font-size: 14pt;"><span style="font-family: Muli; font-size: 14pt; font-weight: normal;"><strong>&gt; </strong></span>Exposición resultados del taller de <em>Relatos propios y ajenos. </em></strong><span style="font-family: Muli; font-size: 14pt;">Dia D: 28J.</span><span style="font-family: Muli; font-size: 14pt;"> No es necesaria inscripción.</span></p>
<p><span style="font-family: Muli; font-size: 14pt; font-weight: normal;">Lunes a sábado / horario habitual del Centro / 17 al 30 junio </span></p>
<p>&nbsp;</p>
<p class="p1"><strong style="font-family: Muli; font-size: 14pt;">Actividad gratuita</strong></p>

<p>&gt;&gt;&gt; Línea de Pensamientos Críticos y LGTBIQ+ Ciclo de actividades para dar visibilidad a las vivencias y creaciones de personas LGTBIQ+, así cómo sensibilizar a la ciudadanía a cerca de las discriminaciones y problemáticas específicas que afectan al colectivo. Entendemos la necesidad de visibilizar los días conmemorativos como fechas importantes, pero queremos que sirvan cómo marco [&hellip;]</p>
