{"id":20213,"date":"2025-09-16T20:02:53","date_gmt":"2025-09-16T18:02:53","guid":{"rendered":"https:\/\/www.flassaders.org\/?post_type=mec-events&#038;p=20213"},"modified":"2025-09-16T20:02:53","modified_gmt":"2025-09-16T18:02:53","slug":"grans-actius","status":"publish","type":"mec-events","link":"https:\/\/www.flassaders.org\/es\/eventos\/grans-actius\/","title":{"rendered":"GRANS ACTIUS"},"content":{"rendered":"<p class=\"p1\"><span style=\"font-family: Muli; font-size: 14pt; font-weight: normal;\"> El programa Grans Actius, a cargo de la Fundaci\u00f3n Universidad &#8211; Empresa (FUEIB), se basa en un programa de formaciones en competencias digitales, que consta de varios grupos con un asistencia de dos sesiones por semana, pensada para personas mayores, que pretende acercar las herramientas tecnol\u00f3gicas a este sector de la poblaci\u00f3n. Se har\u00e1n trabajos tanto en m\u00f3vil como con el ordenador, aprendiendo a la vez que practicando, para despu\u00e9s aplicar en el d\u00eda a d\u00eda lo aprendido. <\/span><\/p>\n<p class=\"p1\"><span style=\"font-family: Muli; font-size: 14pt; font-weight: normal;\">Toda la informaci\u00f3n, inscripciones y cualquier otra gesti\u00f3n, debe realizarse a trav\u00e9s la p\u00e1gina web de la FUEIB, a la cual pod\u00e9is acceder a trav\u00e9s del bot\u00f3n que hemos habilitado con la palabra \u00abinscr\u00edbete\u00bb.<\/span><\/p>\n<p class=\"p1\"><span style=\"font-family: Muli; font-size: 14pt; font-weight: normal;\">*Para el correcto desarrollo de la actividad se requiere un nivel m\u00ednimo de conocimientos inform\u00e1ticos.<\/span><\/p>\n<p class=\"p1\"><em><span style=\"font-family: Muli; font-size: 14pt; font-weight: normal;\">En colaboraci\u00f3n con la FUEIB<\/span><\/em><\/p>\n<p>&nbsp;<\/p>\n","protected":false},"excerpt":{"rendered":"<p>El programa Grans Actius, a cargo de la Fundaci\u00f3n Universidad &#8211; Empresa (FUEIB), se basa en un programa de formaciones en competencias digitales, que consta de varios grupos con un asistencia de dos sesiones por semana, pensada para personas mayores, que pretende acercar las herramientas tecnol\u00f3gicas a este sector de la poblaci\u00f3n. Se har\u00e1n trabajos [&hellip;]<\/p>\n","protected":false},"author":1,"featured_media":0,"comment_status":"closed","ping_status":"closed","template":"","tags":[],"mec_category":[277],"class_list":["post-20213","mec-events","type-mec-events","status-publish","hentry","mec_category-actividades"],"_links":{"self":[{"href":"https:\/\/www.flassaders.org\/es\/wp-json\/wp\/v2\/mec-events\/20213","targetHints":{"allow":["GET"]}}],"collection":[{"href":"https:\/\/www.flassaders.org\/es\/wp-json\/wp\/v2\/mec-events"}],"about":[{"href":"https:\/\/www.flassaders.org\/es\/wp-json\/wp\/v2\/types\/mec-events"}],"author":[{"embeddable":true,"href":"https:\/\/www.flassaders.org\/es\/wp-json\/wp\/v2\/users\/1"}],"replies":[{"embeddable":true,"href":"https:\/\/www.flassaders.org\/es\/wp-json\/wp\/v2\/comments?post=20213"}],"wp:attachment":[{"href":"https:\/\/www.flassaders.org\/es\/wp-json\/wp\/v2\/media?parent=20213"}],"wp:term":[{"taxonomy":"post_tag","embeddable":true,"href":"https:\/\/www.flassaders.org\/es\/wp-json\/wp\/v2\/tags?post=20213"},{"taxonomy":"mec_category","embeddable":true,"href":"https:\/\/www.flassaders.org\/es\/wp-json\/wp\/v2\/mec_category?post=20213"}],"curies":[{"name":"wp","href":"https:\/\/api.w.org\/{rel}","templated":true}]}}

<p class="p1"><span style="font-family: Muli; font-size: 14pt; font-weight: normal;"> El programa Grans Actius, a cargo de la Fundación Universidad &#8211; Empresa (FUEIB), se basa en un programa de formaciones en competencias digitales, que consta de varios grupos con un asistencia de dos sesiones por semana, pensada para personas mayores, que pretende acercar las herramientas tecnológicas a este sector de la población. Se harán trabajos tanto en móvil como con el ordenador, aprendiendo a la vez que practicando, para después aplicar en el día a día lo aprendido. </span></p>
<p class="p1"><span style="font-family: Muli; font-size: 14pt; font-weight: normal;">Toda la información, inscripciones y cualquier otra gestión, debe realizarse a través la página web de la FUEIB, a la cual podéis acceder a través del botón que hemos habilitado con la palabra «inscríbete».</span></p>
<p class="p1"><span style="font-family: Muli; font-size: 14pt; font-weight: normal;">*Para el correcto desarrollo de la actividad se requiere un nivel mínimo de conocimientos informáticos.</span></p>
<p class="p1"><em><span style="font-family: Muli; font-size: 14pt; font-weight: normal;">En colaboración con la FUEIB</span></em></p>
<p>&nbsp;</p>

<p>El programa Grans Actius, a cargo de la Fundación Universidad &#8211; Empresa (FUEIB), se basa en un programa de formaciones en competencias digitales, que consta de varios grupos con un asistencia de dos sesiones por semana, pensada para personas mayores, que pretende acercar las herramientas tecnológicas a este sector de la población. Se harán trabajos [&hellip;]</p>
