{"id":14470,"date":"2013-05-11T06:15:05","date_gmt":"2013-05-11T04:15:05","guid":{"rendered":"https:\/\/www.flassaders.org\/?page_id=14470"},"modified":"2024-07-29T19:16:03","modified_gmt":"2024-07-29T17:16:03","slug":"quienes-somos","status":"publish","type":"page","link":"https:\/\/www.flassaders.org\/es\/quienes-somos\/","title":{"rendered":"\u00bfQui\u00e9nes somos?"},"content":{"rendered":"<div style='padding-bottom:10px;' class='av-special-heading av-special-heading-h3     '><h3 class='av-special-heading-tag '  itemprop=\"headline\"  >Qui\u00e9nes somos<\/h3><div class='special-heading-border'><div class='special-heading-inner-border' ><\/div><\/div><\/div>\n<div class=\"flex_column av_two_third  flex_column_div first  \" ><section class=\"av_textblock_section \"  itemscope=\"itemscope\" itemtype=\"https:\/\/schema.org\/CreativeWork\" ><div class='avia_textblock  '   itemprop=\"text\" ><p><span style=\"color: #6786a1;\">Flassaders<\/span> es un Centro del Ayuntamiento de Palma que tiene como finalidad impulsar y realizar actuaciones para la mejora de la igualdad, el civismo y la participaci\u00f3n mediante:<\/p>\n<ul>\n<li>Una programaci\u00f3n trimestral de talleres propios o realizados en colaboraci\u00f3n con entidades y asociaciones.<\/li>\n<\/ul>\n<ul>\n<li>Exposiciones, conferencias y otras actividades de car\u00e1cter puntual.<\/li>\n<\/ul>\n<ul>\n<li>Servicio de cesi\u00f3n de espacios para el desarrollo de actividades.<\/li>\n<\/ul>\n<ul>\n<li>Servicio Temps x Tu para la conciliaci\u00f3n de la vida personal y familiar<\/li>\n<\/ul>\n<ul>\n<li>Red Municipal de los Bancos del Tiempo.<\/li>\n<\/ul>\n<p>El edificio es una antigua f\u00e1brica de tejidos de principios del siglo XIX que mantuvo su actividad industrial hasta el 1964. El a\u00f1o 1985, el Ayuntamiento de Palma inicia la reconversi\u00f3n del edificio como centro de usos sociales, en el marco de la iniciativa comunitaria URBAN, el cual se inaugura el a\u00f1o 2000.<\/p>\n<\/div><\/section><\/div>\n<div class=\"flex_column av_one_third  flex_column_div av-zero-column-padding   \" style='border-radius:0px; '><div class='avia-image-container avia_animated_image avia_animate_when_almost_visible bottom-to-top av-styling-    avia-align-center '  itemprop=\"ImageObject\" itemscope=\"itemscope\" itemtype=\"https:\/\/schema.org\/ImageObject\"  ><div class='avia-image-container-inner'><img class='avia_image ' src='http:\/\/flassaders.org\/wp-content\/uploads\/2013\/05\/IMG_1648-199x300.jpg' alt='' title=''   itemprop=\"thumbnailUrl\"  \/><\/div><\/div><\/div>\n<div style='padding-bottom:10px;' class='av-special-heading av-special-heading-h3     '><h3 class='av-special-heading-tag '  itemprop=\"headline\"  >Historia del edificio<\/h3><div class='special-heading-border'><div class='special-heading-inner-border' ><\/div><\/div><\/div>\n<div class=\"flex_column av_one_full  flex_column_div first  \" ><section class=\"av_textblock_section \"  itemscope=\"itemscope\" itemtype=\"https:\/\/schema.org\/CreativeWork\" ><div class='avia_textblock  '   itemprop=\"text\" ><p><a href=\"http:\/\/flassaders.org\/wp-content\/uploads\/2013\/05\/IMG_1680.jpg\"><img loading=\"lazy\" decoding=\"async\" class=\"size-medium wp-image-1472 alignleft\" src=\"http:\/\/flassaders.org\/wp-content\/uploads\/2013\/05\/IMG_1680-300x200.jpg\" alt=\"IMG_1680\" width=\"300\" height=\"200\" srcset=\"https:\/\/www.flassaders.org\/wp-content\/uploads\/2013\/05\/IMG_1680-300x200.jpg 300w, https:\/\/www.flassaders.org\/wp-content\/uploads\/2013\/05\/IMG_1680-1030x686.jpg 1030w, https:\/\/www.flassaders.org\/wp-content\/uploads\/2013\/05\/IMG_1680-450x300.jpg 450w\" sizes=\"auto, (max-width: 300px) 100vw, 300px\" \/><\/a>El edificio que aloja el actual <strong><span style=\"color: #6786a1;\">Centre Flassaders<\/span><\/strong> es un antiguo espacio industrial reformado a partir de la d\u00e9cada de 1830, que ha sido recientemente acondicionado como centro p\u00fablico que acoge espacios de uso para la ciudadan\u00eda.<\/p>\n<p>Vicen\u00e7 Juan Rossell\u00f3, el iniciador de la empresa industrial Can Ribas, entr\u00f3 en contacto con la viuda de un artesano tejedor y tintorero (Gabriel Ribas), que era propietario de un obrador situado en las dependencias de una antigua construcci\u00f3n militar (con esta funci\u00f3n durante el siglo XVIII).<\/p>\n<p>Vicen\u00e7 Juan se cas\u00f3 con la hija del propietario, Catalina Ribas, heredera y m\u00e1xima responsable del negocio familiar a partir de ese momento; durante la d\u00e9cada, emprender\u00e1 un proceso de ampliaci\u00f3n del taller primitivo (situado en la isleta n\u00fam. 82 de la parroquia de Sant Nicolau, con portales a las calles del Senyal del Peix y\u00a0<strong><span style=\"color: #6786a1;\">Flassaders<\/span><\/strong>, y fachada posterior a la calle de la Ferreria). Muy pronto, los intereses de Vicen\u00e7 Juan se dirigieron a comprar los inmuebles vecinos para, de esta forma, ampliar las instalaciones fabriles y as\u00ed poder aumentar la capacidad de producci\u00f3n del obrador. Por eso, est\u00e1 documentada la compra de una tienda con planta baja, dos pisos y terrado, que reedific\u00f3 por completo y comunic\u00f3 con el obrador principal. De esta manera, ya en el a\u00f1o 1851, toda la manzana recib\u00eda el nombre de La F\u00e1brica de Tejidos, lo cual no da una idea del crecimiento que debi\u00f3 experimentar dicho taller durante este periodo inicial.<\/p>\n<p>Pocos a\u00f1os despu\u00e9s, un gran incendio afect\u00f3 a la f\u00e1brica, ya notablemente ampliada. Vicen\u00e7 Juan aprovech\u00f3 la ocasi\u00f3n para reconstruir las instalaciones afectadas y mejorar la antigua edificaci\u00f3n. A principios de 1862 solicit\u00f3 permiso<br \/>\nmunicipal de obra para construir un nuevo bloque y regularizar las fachadas de las calles\u00a0<strong><span style=\"color: #6786a1;\">Flassaders <\/span><\/strong>y Ferreria, donde se abrieron los portales principales del inmueble. De hecho, en aquel momento el edificio-f\u00e1brica ya adquiri\u00f3 el aspecto general que ten\u00eda antes de la reforma integral que supuso la creaci\u00f3n del actual centro c\u00edvico.<\/p>\n<p>Otro momento importante\u00a0de su configuraci\u00f3n c\u00f3mo espacio\u00a0industrial aconteci\u00f3 en 1872, cuando las instalaciones productivas fueron mecanizadas gracias a la incorporaci\u00f3n de una m\u00e1quina de vapor, comprada al fabricante catal\u00e1n Miquel Escuder. Se trataba de una m\u00e1quina de vapor con caldera horizontal, de mediana presi\u00f3n y cuatro caballos de potencia, comprada por 20.000 reales de vell\u00f3n. Ven\u00eda a sustituir la fuerza animal que hasta aquel momento hab\u00eda impulsado la fabricaci\u00f3n. En este primer momento solo fue mecanizada la secci\u00f3n de acabados, porque el tejido todav\u00eda se terminar\u00eda con telares manuales durante varios a\u00f1os m\u00e1s. L\u00f3gicamente, el proceso de mecanizaci\u00f3n y modernizaci\u00f3n fue constante durante los a\u00f1os de actividad de la f\u00e1brica que, por otro lado, fue cerrada en 1964.<\/p>\n<p>El barrio de la Gerreria, parte del n\u00facleo antiguo de Palma, fue declarado Conjunto Hist\u00f3rico-art\u00edstico por el Decreto de 2 de julio 1964. Seg\u00fan la legislaci\u00f3n vigente en materia de patrimonio del Estado Espa\u00f1ol, actualmente tiene la calificaci\u00f3n de Bien de Inter\u00e9s Cultural, en su categor\u00eda de Conjuntos Hist\u00f3ricos (Ley 16\/1985, del patrimonio hist\u00f3rico espa\u00f1ol).<\/p>\n<\/div><\/section><\/div>\n<div style='padding-bottom:10px;' class='av-special-heading av-special-heading-h3     '><h3 class='av-special-heading-tag '  itemprop=\"headline\"  >Horario<\/h3><div class='special-heading-border'><div class='special-heading-inner-border' ><\/div><\/div><\/div>\n<div class=\"flex_column av_one_full  flex_column_div first  \" ><section class=\"av_textblock_section \"  itemscope=\"itemscope\" itemtype=\"https:\/\/schema.org\/CreativeWork\" ><div class='avia_textblock  '   itemprop=\"text\" ><p>De lunes a viernes de <strong>9:00h<\/strong>\u00a0a <strong>21:00h.<br \/>\nS\u00e1bados de <strong>10:00h<\/strong> a <strong>14:00h. <\/strong><\/strong><\/p>\n<p><strong>Agosto:<\/strong><br \/>\nDe lunes a viernes de <strong>8:30h<\/strong> a <strong>16:00h<\/strong><br \/>\n<strong> S\u00e1bados cerrado.<\/strong><\/p>\n<p>Domingo cerrado.<\/p>\n<\/div><\/section><\/div>\n","protected":false},"excerpt":{"rendered":"","protected":false},"author":1,"featured_media":0,"parent":0,"menu_order":0,"comment_status":"closed","ping_status":"closed","template":"","meta":{"_bbp_topic_count":0,"_bbp_reply_count":0,"_bbp_total_topic_count":0,"_bbp_total_reply_count":0,"_bbp_voice_count":0,"_bbp_anonymous_reply_count":0,"_bbp_topic_count_hidden":0,"_bbp_reply_count_hidden":0,"_bbp_forum_subforum_count":0,"footnotes":""},"class_list":["post-14470","page","type-page","status-publish","hentry"],"_links":{"self":[{"href":"https:\/\/www.flassaders.org\/es\/wp-json\/wp\/v2\/pages\/14470","targetHints":{"allow":["GET"]}}],"collection":[{"href":"https:\/\/www.flassaders.org\/es\/wp-json\/wp\/v2\/pages"}],"about":[{"href":"https:\/\/www.flassaders.org\/es\/wp-json\/wp\/v2\/types\/page"}],"author":[{"embeddable":true,"href":"https:\/\/www.flassaders.org\/es\/wp-json\/wp\/v2\/users\/1"}],"replies":[{"embeddable":true,"href":"https:\/\/www.flassaders.org\/es\/wp-json\/wp\/v2\/comments?post=14470"}],"version-history":[{"count":6,"href":"https:\/\/www.flassaders.org\/es\/wp-json\/wp\/v2\/pages\/14470\/revisions"}],"predecessor-version":[{"id":18262,"href":"https:\/\/www.flassaders.org\/es\/wp-json\/wp\/v2\/pages\/14470\/revisions\/18262"}],"wp:attachment":[{"href":"https:\/\/www.flassaders.org\/es\/wp-json\/wp\/v2\/media?parent=14470"}],"curies":[{"name":"wp","href":"https:\/\/api.w.org\/{rel}","templated":true}]}}

¿Quiénes somos?

<div style='padding-bottom:10px;' class='av-special-heading av-special-heading-h3     '><h3 class='av-special-heading-tag '  itemprop="headline"  >Quiénes somos</h3><div class='special-heading-border'><div class='special-heading-inner-border' ></div></div></div>
<div class="flex_column av_two_third  flex_column_div first  " ><section class="av_textblock_section "  itemscope="itemscope" itemtype="https://schema.org/CreativeWork" ><div class='avia_textblock  '   itemprop="text" ><p><span style="color: #6786a1;">Flassaders</span> es un Centro del Ayuntamiento de Palma que tiene como finalidad impulsar y realizar actuaciones para la mejora de la igualdad, el civismo y la participación mediante:</p>
<ul>
<li>Una programación trimestral de talleres propios o realizados en colaboración con entidades y asociaciones.</li>
</ul>
<ul>
<li>Exposiciones, conferencias y otras actividades de carácter puntual.</li>
</ul>
<ul>
<li>Servicio de cesión de espacios para el desarrollo de actividades.</li>
</ul>
<ul>
<li>Servicio Temps x Tu para la conciliación de la vida personal y familiar</li>
</ul>
<ul>
<li>Red Municipal de los Bancos del Tiempo.</li>
</ul>
<p>El edificio es una antigua fábrica de tejidos de principios del siglo XIX que mantuvo su actividad industrial hasta el 1964. El año 1985, el Ayuntamiento de Palma inicia la reconversión del edificio como centro de usos sociales, en el marco de la iniciativa comunitaria URBAN, el cual se inaugura el año 2000.</p>
</div></section></div>
<div class="flex_column av_one_third  flex_column_div av-zero-column-padding   " style='border-radius:0px; '><div class='avia-image-container avia_animated_image avia_animate_when_almost_visible bottom-to-top av-styling-    avia-align-center '  itemprop="ImageObject" itemscope="itemscope" itemtype="https://schema.org/ImageObject"  ><div class='avia-image-container-inner'><img class='avia_image ' src='http://flassaders.org/wp-content/uploads/2013/05/IMG_1648-199x300.jpg' alt='' title=''   itemprop="thumbnailUrl"  /></div></div></div>
<div style='padding-bottom:10px;' class='av-special-heading av-special-heading-h3     '><h3 class='av-special-heading-tag '  itemprop="headline"  >Historia del edificio</h3><div class='special-heading-border'><div class='special-heading-inner-border' ></div></div></div>
<div class="flex_column av_one_full  flex_column_div first  " ><section class="av_textblock_section "  itemscope="itemscope" itemtype="https://schema.org/CreativeWork" ><div class='avia_textblock  '   itemprop="text" ><p><a href="http://flassaders.org/wp-content/uploads/2013/05/IMG_1680.jpg"><img loading="lazy" decoding="async" class="size-medium wp-image-1472 alignleft" src="http://flassaders.org/wp-content/uploads/2013/05/IMG_1680-300x200.jpg" alt="IMG_1680" width="300" height="200" srcset="https://www.flassaders.org/wp-content/uploads/2013/05/IMG_1680-300x200.jpg 300w, https://www.flassaders.org/wp-content/uploads/2013/05/IMG_1680-1030x686.jpg 1030w, https://www.flassaders.org/wp-content/uploads/2013/05/IMG_1680-450x300.jpg 450w" sizes="auto, (max-width: 300px) 100vw, 300px" /></a>El edificio que aloja el actual <strong><span style="color: #6786a1;">Centre Flassaders</span></strong> es un antiguo espacio industrial reformado a partir de la década de 1830, que ha sido recientemente acondicionado como centro público que acoge espacios de uso para la ciudadanía.</p>
<p>Vicenç Juan Rosselló, el iniciador de la empresa industrial Can Ribas, entró en contacto con la viuda de un artesano tejedor y tintorero (Gabriel Ribas), que era propietario de un obrador situado en las dependencias de una antigua construcción militar (con esta función durante el siglo XVIII).</p>
<p>Vicenç Juan se casó con la hija del propietario, Catalina Ribas, heredera y máxima responsable del negocio familiar a partir de ese momento; durante la década, emprenderá un proceso de ampliación del taller primitivo (situado en la isleta núm. 82 de la parroquia de Sant Nicolau, con portales a las calles del Senyal del Peix y <strong><span style="color: #6786a1;">Flassaders</span></strong>, y fachada posterior a la calle de la Ferreria). Muy pronto, los intereses de Vicenç Juan se dirigieron a comprar los inmuebles vecinos para, de esta forma, ampliar las instalaciones fabriles y así poder aumentar la capacidad de producción del obrador. Por eso, está documentada la compra de una tienda con planta baja, dos pisos y terrado, que reedificó por completo y comunicó con el obrador principal. De esta manera, ya en el año 1851, toda la manzana recibía el nombre de La Fábrica de Tejidos, lo cual no da una idea del crecimiento que debió experimentar dicho taller durante este periodo inicial.</p>
<p>Pocos años después, un gran incendio afectó a la fábrica, ya notablemente ampliada. Vicenç Juan aprovechó la ocasión para reconstruir las instalaciones afectadas y mejorar la antigua edificación. A principios de 1862 solicitó permiso<br />
municipal de obra para construir un nuevo bloque y regularizar las fachadas de las calles <strong><span style="color: #6786a1;">Flassaders </span></strong>y Ferreria, donde se abrieron los portales principales del inmueble. De hecho, en aquel momento el edificio-fábrica ya adquirió el aspecto general que tenía antes de la reforma integral que supuso la creación del actual centro cívico.</p>
<p>Otro momento importante de su configuración cómo espacio industrial aconteció en 1872, cuando las instalaciones productivas fueron mecanizadas gracias a la incorporación de una máquina de vapor, comprada al fabricante catalán Miquel Escuder. Se trataba de una máquina de vapor con caldera horizontal, de mediana presión y cuatro caballos de potencia, comprada por 20.000 reales de vellón. Venía a sustituir la fuerza animal que hasta aquel momento había impulsado la fabricación. En este primer momento solo fue mecanizada la sección de acabados, porque el tejido todavía se terminaría con telares manuales durante varios años más. Lógicamente, el proceso de mecanización y modernización fue constante durante los años de actividad de la fábrica que, por otro lado, fue cerrada en 1964.</p>
<p>El barrio de la Gerreria, parte del núcleo antiguo de Palma, fue declarado Conjunto Histórico-artístico por el Decreto de 2 de julio 1964. Según la legislación vigente en materia de patrimonio del Estado Español, actualmente tiene la calificación de Bien de Interés Cultural, en su categoría de Conjuntos Históricos (Ley 16/1985, del patrimonio histórico español).</p>
</div></section></div>
<div style='padding-bottom:10px;' class='av-special-heading av-special-heading-h3     '><h3 class='av-special-heading-tag '  itemprop="headline"  >Horario</h3><div class='special-heading-border'><div class='special-heading-inner-border' ></div></div></div>
<div class="flex_column av_one_full  flex_column_div first  " ><section class="av_textblock_section "  itemscope="itemscope" itemtype="https://schema.org/CreativeWork" ><div class='avia_textblock  '   itemprop="text" ><p>De lunes a viernes de <strong>9:00h</strong> a <strong>21:00h.<br />
Sábados de <strong>10:00h</strong> a <strong>14:00h. </strong></strong></p>
<p><strong>Agosto:</strong><br />
De lunes a viernes de <strong>8:30h</strong> a <strong>16:00h</strong><br />
<strong> Sábados cerrado.</strong></p>
<p>Domingo cerrado.</p>
</div></section></div>
